is the greatest common divisor of 9 and 939?
3
Calculate the greatest common divisor of 28 and 3584.
28
Calculate the highest common factor of 1380 and 46.
46
Calculate the greatest common factor of 528 and 112.
16
Calculate the highest common factor of 840 and 180.
60
What is the highest common divisor of 196 and 8?
4
What is the highest common divisor of 33 and 506?
11
What is the greatest common factor of 16 and 176?
16
Calculate the highest common factor of 46 and 437.
23
What is the highest common factor of 2016 and 18?
18
What is the highest common factor of 78 and 130?
26
What is the greatest common divisor of 2102 and 2?
2
What is the greatest common factor of 124 and 837?
31
Calculate the highest common divisor of 64083 and 41.
41
What is the highest common factor of 17 and 323?
17
What is the highest common factor of 46 and 1242?
46
What is the highest common divisor of 29 and 2726?
29
Calculate the highest common divisor of 9287 and 111.
37
What is the highest common divisor of 748 and 21318?
374
What is the highest common factor of 396 and 72?
36
Calculate the greatest common divisor of 1820 and 84.
28
Calculate the highest common factor of 100 and 50.
50
What is the highest common factor of 184 and 115?
23
Calculate the highest common factor of 16 and 34.
2
What is the greatest common factor of 376 and 141?
47
Calculate the greatest common factor of 13989 and 3.
3
What is the greatest common factor of 45 and 18?
9
What is the greatest common factor of 175 and 70?
35
Calculate the highest common divisor of 165 and 528.
33
Calculate the highest common divisor of 32164 and 11.
11
What is the highest common divisor of 234 and 144?
18
What is the greatest common factor of 10017 and 159?
159
Calculate the greatest common divisor of 119 and 21.
7
Calculate the greatest common factor of 29 and 319.
29
What is the greatest common divisor of 4 and 50?
2
What is the greatest common factor of 78 and 2145?
39
Calculate the greatest common factor of 15 and 75.
15
What is the greatest common factor of 6 and 16?
2
What is the highest common divisor of 1 and 1229?
1
What is the greatest common factor of 384 and 36?
12
What is the greatest common divisor of 138 and 782?
46
Calculate the highest common factor of 2260 and 180.
20
Calculate the greatest common divisor of 288 and 81.
9
Calculate the highest common divisor of 1551 and 121.
11
Calculate the greatest common divisor of 18923 and 381.
127
What is the greatest common divisor of 96 and 360?
24
Calculate the greatest common divisor of 10 and 1170.
10
Calculate the highest common factor of 361 and 76.
19
Calculate the highest common factor of 2 and 241.
1
Calculate the highest common divisor of 56 and 1092.
28
Calculate the highest common factor of 1056 and 2200.
88
Calculate the greatest common factor of 583 and 106.
53
What is the highest common factor of 35 and 28?
7
Calculate the highest common factor of 91 and 1573.
13
What is the highest common factor of 39 and 285?
3
Calculate the highest common divisor of 2072 and 84.
28
What is the greatest common factor of 12852 and 63?
63
Calculate the highest common divisor of 119 and 49.
7
What is the highest common factor of 11569 and 23?
23
What is the greatest common factor of 3990 and 342?
114
Calculate the highest common divisor of 1974 and 350.
14
Calculate the highest common divisor of 60 and 2175.
15
Calculate the highest common factor of 3 and 58.
1
Calculate the greatest common divisor of 335 and 1273.
67
What is the highest common divisor of 12 and 6284?
4
What is the highest common divisor of 714 and 42?
42
What is the highest common factor of 28363 and 113?
113
What is the highest common factor of 138 and 1866?
6
Calculate the greatest common divisor of 3 and 443.
1
What is the greatest common divisor of 144 and 225?
9
Calculate the greatest common factor of 179 and 1.
1
Calculate the highest common factor of 2338 and 14.
14
What is the highest common divisor of 66 and 114?
6
What is the greatest common divisor of 1585 and 30?
5
Calculate the highest common factor of 21 and 525.
21
What is the highest common divisor of 7 and 455?
7
Calculate the greatest common factor of 100 and 140.
20
Calculate the highest common factor of 532 and 342.
38
Calculate the greatest common divisor of 913 and 83.
83
Calculate the greatest common divisor of 56 and 8.
8
Calculate the greatest common divisor of 2268 and 56.
28
What is the greatest common divisor of 77 and 55?
11
What is the greatest common factor of 72 and 8?
8
Calculate the highest common divisor of 852 and 12.
12
Calculate the highest common divisor of 31 and 62.
31
Calculate the highest common factor of 19272 and 73.
73
What is the highest common factor of 110 and 2640?
110
What is the highest common factor of 335 and 1?
1
Calculate the greatest common factor of 162 and 1152.
18
Calculate the highest common divisor of 725 and 25.
25
What is the greatest common divisor of 3 and 5?
1
Calculate the highest common factor of 27 and 36.
9
Calculate the highest common factor of 189 and 315.
63
Calculate the greatest common divisor of 68 and 374.
34
Calculate the highest common factor of 354 and 295.
59
Calculate the greatest common factor of 42670 and 85.
85
What is the highest common divisor of 371 and 7?
7
What is the greatest common divisor of 1349 and 95?
19
Calculate the greatest common divisor of 129 and 387.
129
What is the highest common divisor of 2768 and 24?
8
What is the greatest common divisor of 1620 and 15?
15
Calculate the greatest common factor of 88 and 143.
11
Calculate the greatest common factor of 3266 and 142.
142
Calculate the highest common factor of 92 and 1012.
92
Calculate the greatest common divisor of 165 and 440.
55
What is the highest common factor of 524 and 116?
4
Calculate the highest common factor of 1477 and 14.
7
Calculate the greatest common factor of 17 and 10081.
17
Calculate the highest common divisor of 2160 and 960.
240
Calculate the highest common divisor of 403 and 93.
31
What is the greatest common factor of 15 and 127770?
15
Calculate the highest common factor of 1107 and 41.
41
What is the highest common factor of 14 and 1561?
7
What is the greatest common divisor of 176 and 10736?
176
What is the highest common factor of 66 and 88?
22
Calculate the highest common factor of 15 and 55.
5
Calculate the greatest common divisor of 1562 and 568.
142
What is the highest common factor of 11501 and 14?
7
Calculate the greatest common divisor of 2695 and 55.
55
Calculate the highest common factor of 551 and 29.
29
What is the greatest common divisor of 165 and 99?
33
What is the highest common divisor of 207 and 153?
9
What is the greatest common divisor of 64262 and 22?
22
What is the greatest common factor of 40 and 8090?
10
What is the highest common divisor of 2169 and 9?
9
What is the greatest common factor of 126 and 54?
18
Calculate the highest common factor of 455 and 35.
35
Calculate the highest common divisor of 215 and 129.
43
What is the greatest common divisor of 160 and 10?
10
What is the highest common factor of 52 and 442?
26
Calculate the highest common factor of 3 and 7.
1
What is the highest common factor of 1066 and 8200?
82
What is the highest common divisor of 177 and 7611?
177
What is the highest common divisor of 3087 and 63?
63
Calculate the highest common factor of 140 and 500.
20
Calculate the greatest common divisor of 1488 and 112.
16
What is the highest common divisor of 7601 and 44?
11
What is the highest common factor of 33 and 3?
3
Calculate the highest common factor of 574 and 28.
14
What is the greatest common divisor of 94 and 2538?
94
What is the greatest common factor of 120 and 72?
24
Calculate the highest common divisor of 162 and 36.
18
Calculate the greatest common factor of 304 and 19.
19
What is the highest common factor of 224 and 574?
14
Calculate the greatest common divisor of 119 and 14.
7
Calculate the greatest common factor of 3757 and 13.
13
What is the greatest common divisor of 41 and 2911?
41
What is the greatest common divisor of 1280 and 80?
80
Calculate the highest common factor of 50 and 4525.
25
Calculate the greatest common divisor of 135 and 320.
5
What is the highest common divisor of 5 and 5